{"id":20,"date":"2024-11-04T18:49:08","date_gmt":"2024-11-04T18:49:08","guid":{"rendered":"https:\/\/cffm-fcam.ca\/website_6281811e\/?page_id=20"},"modified":"2024-12-16T19:11:00","modified_gmt":"2024-12-16T19:11:00","slug":"events","status":"publish","type":"page","link":"https:\/\/cffm-fcam.ca\/website_6281811e\/events\/","title":{"rendered":"Events"},"content":{"rendered":"\n<div class=\"wp-block-group nfd-container nfd-p-lg nfd-wb-features__features-42 has-global-padding is-layout-constrained wp-block-group-is-layout-constrained\">\n<div class=\"wp-block-group has-global-padding is-layout-constrained wp-container-core-group-is-layout-f36bc466 wp-block-group-is-layout-constrained\">\n<div class=\"wp-block-group nfd-gap-lg is-vertical is-content-justification-stretch is-layout-flex wp-container-core-group-is-layout-353c4f5a wp-block-group-is-layout-flex\">\n<div class=\"wp-block-group nfd-rounded nfd-overflow-hidden is-style-nfd-theme-light has-global-padding is-layout-constrained wp-block-group-is-layout-constrained\">\n<div class=\"wp-block-columns nfd-gap-0 is-layout-flex wp-container-core-columns-is-layout-28f84493 wp-block-columns-is-layout-flex\">\n<div class=\"wp-block-column is-vertically-aligned-stretch is-layout-flow wp-block-column-is-layout-flow\" style=\"flex-basis:33.3%\">\n<div class=\"wp-block-cover is-light\" style=\"min-height:233px;aspect-ratio:unset;\"><span aria-hidden=\"true\" class=\"wp-block-cover__background has-background-dim-0 has-background-dim\" style=\"background-color:#4d6845\"><\/span><img loading=\"lazy\" decoding=\"async\" width=\"940\" height=\"788\" class=\"wp-block-cover__image-background wp-image-759\" alt=\"\" src=\"https:\/\/cffm-fcam.ca\/website_6281811e\/wp-content\/uploads\/2024\/12\/ENG.jpg\" data-object-fit=\"cover\" srcset=\"https:\/\/cffm-fcam.ca\/website_6281811e\/wp-content\/uploads\/2024\/12\/ENG.jpg 940w, https:\/\/cffm-fcam.ca\/website_6281811e\/wp-content\/uploads\/2024\/12\/ENG-300x251.jpg 300w, https:\/\/cffm-fcam.ca\/website_6281811e\/wp-content\/uploads\/2024\/12\/ENG-768x644.jpg 768w\" sizes=\"auto, (max-width: 940px) 100vw, 940px\" \/><div class=\"wp-block-cover__inner-container is-layout-flow wp-block-cover-is-layout-flow\">\n<div class=\"wp-block-group has-global-padding is-layout-constrained wp-block-group-is-layout-constrained\">\n<div style=\"height:0px\" aria-hidden=\"true\" class=\"wp-block-spacer\"><\/div>\n<\/div>\n<\/div><\/div>\n<\/div>\n\n\n\n<div class=\"wp-block-column is-vertically-aligned-stretch nfd-p-card-md is-layout-flow wp-block-column-is-layout-flow\" style=\"flex-basis:66.66%\">\n<div class=\"wp-block-group nfd-h-full is-vertical is-layout-flex wp-container-core-group-is-layout-0bc941e6 wp-block-group-is-layout-flex\">\n<div class=\"wp-block-group is-vertical is-layout-flex wp-container-core-group-is-layout-90752e8f wp-block-group-is-layout-flex\">\n<p class=\"nfd-text-md nfd-text-contrast\"><strong>Young Friends Event (Montreal)<\/strong><\/p>\n\n\n\n<p class=\"nfd-text-base nfd-text-faded nfd-text-balance\">Join the Young Friends in Montreal for a holiday themed embroidery workshop at the Mus\u00e9e des M\u00e9tiers D&#8217;Art du Qu\u00e9bec (MUMAQ). The workshop begins at 1pm and will be followed by an optional tour of the museum. <\/p>\n<\/div>\n\n\n\n<hr class=\"wp-block-separator has-alpha-channel-opacity is-style-wide\"\/>\n\n\n\n<div class=\"wp-block-group nfd-text-sm nfd-text-faded nfd-w-full is-content-justification-space-between is-layout-flex wp-container-core-group-is-layout-9366075c wp-block-group-is-layout-flex\">\n<p>December 15, 2024 \u00b7 1pm &#8211; 2pm<\/p>\n\n\n\n<p><span style=\"text-decoration: underline;\"><strong><a href=\"https:\/\/www.eventbrite.ca\/e\/young-friends-mtl-holiday-craft-workshop-jeunes-amis-atelier-dartisanat-tickets-1091243291059?aff=oddtdtcreator\">Get Tickets<\/a><\/strong><\/span><\/p>\n<\/div>\n<\/div>\n<\/div>\n<\/div>\n<\/div>\n\n\n\n<div class=\"wp-block-group nfd-rounded nfd-overflow-hidden is-style-nfd-theme-light has-global-padding is-layout-constrained wp-block-group-is-layout-constrained\">\n<div class=\"wp-block-columns nfd-gap-0 is-layout-flex wp-container-core-columns-is-layout-28f84493 wp-block-columns-is-layout-flex\">\n<div class=\"wp-block-column is-vertically-aligned-stretch is-layout-flow wp-block-column-is-layout-flow\" style=\"flex-basis:33.3%\">\n<div class=\"wp-block-cover\" style=\"min-height:100%;aspect-ratio:unset;\"><span aria-hidden=\"true\" class=\"wp-block-cover__background has-background-dim-10 has-background-dim\" style=\"background-color:#4d6845\"><\/span><img loading=\"lazy\" decoding=\"async\" width=\"1080\" height=\"1080\" class=\"wp-block-cover__image-background wp-image-758\" alt=\"\" src=\"https:\/\/cffm-fcam.ca\/website_6281811e\/wp-content\/uploads\/2024\/12\/1.jpg\" data-object-fit=\"cover\" srcset=\"https:\/\/cffm-fcam.ca\/website_6281811e\/wp-content\/uploads\/2024\/12\/1.jpg 1080w, https:\/\/cffm-fcam.ca\/website_6281811e\/wp-content\/uploads\/2024\/12\/1-300x300.jpg 300w, https:\/\/cffm-fcam.ca\/website_6281811e\/wp-content\/uploads\/2024\/12\/1-1024x1024.jpg 1024w, https:\/\/cffm-fcam.ca\/website_6281811e\/wp-content\/uploads\/2024\/12\/1-150x150.jpg 150w, https:\/\/cffm-fcam.ca\/website_6281811e\/wp-content\/uploads\/2024\/12\/1-768x768.jpg 768w\" sizes=\"auto, (max-width: 1080px) 100vw, 1080px\" \/><div class=\"wp-block-cover__inner-container is-layout-flow wp-block-cover-is-layout-flow\">\n<div style=\"height:0px\" aria-hidden=\"true\" class=\"wp-block-spacer\"><\/div>\n<\/div><\/div>\n<\/div>\n\n\n\n<div class=\"wp-block-column is-vertically-aligned-stretch nfd-p-card-md is-layout-flow wp-block-column-is-layout-flow\" style=\"flex-basis:66.66%\">\n<div class=\"wp-block-group nfd-h-full is-vertical is-layout-flex wp-container-core-group-is-layout-0bc941e6 wp-block-group-is-layout-flex\">\n<div class=\"wp-block-group is-vertical is-layout-flex wp-container-core-group-is-layout-90752e8f wp-block-group-is-layout-flex\">\n<p class=\"nfd-text-md nfd-text-contrast\"><strong>Young Friends Event (Ottawa)<\/strong><\/p>\n\n\n\n<p class=\"nfd-text-base nfd-text-faded nfd-text-balance\">Join the Young Friends in Ottawa for a Scavenger Hunt at the National Gallery of Canada! We will meet at 6:30 pm in front of the gift shop near the main entrance of the gallery. Participants will have until 8pm to explore the gallery and find as many of the art works on the scavenger hunt as they can. At 8pm, participants are invited to join us for drinks at Nan&#8217;s Parlour in the Byward Market.<\/p>\n\n\n\n<p class=\"nfd-text-base nfd-text-faded nfd-text-balance\">Please note this event is open to youth (ages 18\u201335) from the public.<\/p>\n<\/div>\n\n\n\n<hr class=\"wp-block-separator has-alpha-channel-opacity is-style-wide\"\/>\n\n\n\n<div class=\"wp-block-group nfd-text-sm nfd-text-faded nfd-w-full is-content-justification-space-between is-layout-flex wp-container-core-group-is-layout-9366075c wp-block-group-is-layout-flex\">\n<p>December 12, 2024 \u00b7 6:30pm &#8211; 8pm<\/p>\n\n\n\n<p><span style=\"text-decoration: underline;\"><strong><a href=\"https:\/\/www.eventbrite.ca\/e\/scavenger-hunt-at-the-national-gallery-of-canada-tickets-1098120751729?aff=oddtdtcreator\" data-type=\"link\" data-id=\"https:\/\/www.eventbrite.ca\/e\/scavenger-hunt-at-the-national-gallery-of-canada-tickets-1098120751729?aff=oddtdtcreator\">Get Tickets<\/a><\/strong><\/span><\/p>\n<\/div>\n<\/div>\n<\/div>\n<\/div>\n<\/div>\n<\/div>\n<\/div>\n\n\n\n<div class=\"wp-block-group has-global-padding is-layout-constrained wp-container-core-group-is-layout-f36bc466 wp-block-group-is-layout-constrained\">\n<div class=\"wp-block-group nfd-gap-lg is-vertical is-content-justification-stretch is-layout-flex wp-container-core-group-is-layout-353c4f5a wp-block-group-is-layout-flex\">\n<div class=\"wp-block-group nfd-rounded nfd-overflow-hidden is-style-nfd-theme-light has-global-padding is-layout-constrained wp-block-group-is-layout-constrained\">\n<div class=\"wp-block-columns nfd-gap-0 is-layout-flex wp-container-core-columns-is-layout-28f84493 wp-block-columns-is-layout-flex\">\n<div class=\"wp-block-column is-vertically-aligned-stretch is-layout-flow wp-block-column-is-layout-flow\" style=\"flex-basis:33.3%\">\n<div class=\"wp-block-cover\" style=\"min-height:233px;aspect-ratio:unset;\"><span aria-hidden=\"true\" class=\"wp-block-cover__background has-background-dim-0 has-background-dim\" style=\"background-color:#4d6845\"><\/span><img loading=\"lazy\" decoding=\"async\" width=\"940\" height=\"788\" class=\"wp-block-cover__image-background wp-image-237\" alt=\"\" src=\"https:\/\/cffm-fcam.ca\/website_6281811e\/wp-content\/uploads\/2024\/11\/IMG_9629.jpg\" style=\"object-position:41% 37%\" data-object-fit=\"cover\" data-object-position=\"41% 37%\" srcset=\"https:\/\/cffm-fcam.ca\/website_6281811e\/wp-content\/uploads\/2024\/11\/IMG_9629.jpg 940w, https:\/\/cffm-fcam.ca\/website_6281811e\/wp-content\/uploads\/2024\/11\/IMG_9629-300x251.jpg 300w, https:\/\/cffm-fcam.ca\/website_6281811e\/wp-content\/uploads\/2024\/11\/IMG_9629-768x644.jpg 768w\" sizes=\"auto, (max-width: 940px) 100vw, 940px\" \/><div class=\"wp-block-cover__inner-container is-layout-flow wp-block-cover-is-layout-flow\">\n<div class=\"wp-block-group has-global-padding is-layout-constrained wp-block-group-is-layout-constrained\">\n<div style=\"height:0px\" aria-hidden=\"true\" class=\"wp-block-spacer\"><\/div>\n<\/div>\n<\/div><\/div>\n<\/div>\n\n\n\n<div class=\"wp-block-column is-vertically-aligned-stretch nfd-p-card-md is-layout-flow wp-block-column-is-layout-flow\" style=\"flex-basis:66.66%\">\n<div class=\"wp-block-group nfd-h-full is-vertical is-layout-flex wp-container-core-group-is-layout-0bc941e6 wp-block-group-is-layout-flex\">\n<div class=\"wp-block-group is-vertical is-layout-flex wp-container-core-group-is-layout-90752e8f wp-block-group-is-layout-flex\">\n<p class=\"nfd-text-md nfd-text-contrast\"><strong>Carol Sprachman Lecture<\/strong><\/p>\n\n\n\n<p class=\"nfd-text-base nfd-text-faded nfd-text-balance\">Join us at Maison Forget (1195 Sherbrooke St. W., Montreal) on November 14th at 7pm. This year&#8217;s lecturer is Dr. Patricia Kell, Executive Director of the National Trust for Canada. Tickets are free.<\/p>\n<\/div>\n\n\n\n<hr class=\"wp-block-separator has-alpha-channel-opacity is-style-wide\"\/>\n\n\n\n<div class=\"wp-block-group nfd-text-sm nfd-text-faded nfd-w-full is-content-justification-space-between is-layout-flex wp-container-core-group-is-layout-9366075c wp-block-group-is-layout-flex\">\n<p>November 14, 2024 \u00b7 7pm &#8211; 9pm<\/p>\n\n\n\n<p><span style=\"text-decoration: underline;\"><strong><a href=\"https:\/\/www.eventbrite.ca\/e\/cffm-carol-sprachman-lecture-conference-carol-sprachman-de-la-fcam-tickets-993740212727?aff=oddtdtcreator\">Get Tickets<\/a><\/strong><\/span><\/p>\n<\/div>\n<\/div>\n<\/div>\n<\/div>\n<\/div>\n\n\n\n<div class=\"wp-block-group nfd-rounded nfd-overflow-hidden is-style-nfd-theme-light has-global-padding is-layout-constrained wp-block-group-is-layout-constrained\">\n<div class=\"wp-block-columns nfd-gap-0 is-layout-flex wp-container-core-columns-is-layout-28f84493 wp-block-columns-is-layout-flex\">\n<div class=\"wp-block-column is-vertically-aligned-stretch is-layout-flow wp-block-column-is-layout-flow\" style=\"flex-basis:33.3%\">\n<div class=\"wp-block-cover\" style=\"min-height:100%;aspect-ratio:unset;\"><span aria-hidden=\"true\" class=\"wp-block-cover__background has-background-dim-10 has-background-dim\" style=\"background-color:#4d6845\"><\/span><img loading=\"lazy\" decoding=\"async\" width=\"940\" height=\"470\" class=\"wp-block-cover__image-background wp-image-338\" alt=\"\" src=\"https:\/\/cffm-fcam.ca\/website_6281811e\/wp-content\/uploads\/2024\/11\/https___cdn.evbuc_.com_images_879300319_1357673318683_1_original-1.jpg\" data-object-fit=\"cover\" srcset=\"https:\/\/cffm-fcam.ca\/website_6281811e\/wp-content\/uploads\/2024\/11\/https___cdn.evbuc_.com_images_879300319_1357673318683_1_original-1.jpg 940w, https:\/\/cffm-fcam.ca\/website_6281811e\/wp-content\/uploads\/2024\/11\/https___cdn.evbuc_.com_images_879300319_1357673318683_1_original-1-300x150.jpg 300w, https:\/\/cffm-fcam.ca\/website_6281811e\/wp-content\/uploads\/2024\/11\/https___cdn.evbuc_.com_images_879300319_1357673318683_1_original-1-768x384.jpg 768w\" sizes=\"auto, (max-width: 940px) 100vw, 940px\" \/><div class=\"wp-block-cover__inner-container is-layout-flow wp-block-cover-is-layout-flow\">\n<div style=\"height:150px\" aria-hidden=\"true\" class=\"wp-block-spacer\"><\/div>\n<\/div><\/div>\n<\/div>\n\n\n\n<div class=\"wp-block-column is-vertically-aligned-stretch nfd-p-card-md is-layout-flow wp-block-column-is-layout-flow\" style=\"flex-basis:66.66%\">\n<div class=\"wp-block-group nfd-h-full is-vertical is-layout-flex wp-container-core-group-is-layout-0bc941e6 wp-block-group-is-layout-flex\">\n<div class=\"wp-block-group is-vertical is-layout-flex wp-container-core-group-is-layout-90752e8f wp-block-group-is-layout-flex\">\n<p class=\"nfd-text-md nfd-text-contrast\"><strong>Young Friends Event (Ottawa)<\/strong><\/p>\n\n\n\n<p class=\"nfd-text-base nfd-text-faded nfd-text-balance\">Join the Young Friends in Ottawa for a visit of the Canadian War Museum, preceded by drinks at the Museum Caf\u00e9. The pre-event will start at 5pm and will be followed by a group walk through of the War Museum&#8217;s new exhibition &#8220;Outside the Lines: Women artists and war&#8221; at 6pm. Tickets are free.<\/p>\n<\/div>\n\n\n\n<hr class=\"wp-block-separator has-alpha-channel-opacity is-style-wide\"\/>\n\n\n\n<div class=\"wp-block-group nfd-text-sm nfd-text-faded nfd-w-full is-content-justification-space-between is-layout-flex wp-container-core-group-is-layout-9366075c wp-block-group-is-layout-flex\">\n<p>November 14, 2024 \u00b7 5pm &#8211; 7pm<\/p>\n\n\n\n<p><span style=\"text-decoration: underline;\"><strong><a href=\"https:\/\/www.eventbrite.ca\/e\/canadian-war-museum-visit-visite-au-musee-canadien-de-la-guerre-tickets-1052933481387?aff=oddtdtcreator\">Get Tickets<\/a><\/strong><\/span><\/p>\n<\/div>\n<\/div>\n<\/div>\n<\/div>\n<\/div>\n<\/div>\n<\/div>\n<\/div>\n\n\n\n<p><\/p>\n","protected":false},"excerpt":{"rendered":"<p>Young Friends Event (Montreal) Join the Young Friends in Montreal for a holiday themed embroidery workshop at the Mus\u00e9e des M\u00e9tiers D&#8217;Art du Qu\u00e9bec (MUMAQ). The workshop begins at 1pm and will be followed by an optional tour of the museum. December 15, 2024 \u00b7 1pm &#8211; 2pm Get Tickets Young Friends Event (Ottawa) Join [&hellip;]<\/p>\n","protected":false},"author":1,"featured_media":0,"parent":0,"menu_order":0,"comment_status":"closed","ping_status":"closed","template":"","meta":{"footnotes":""},"class_list":["post-20","page","type-page","status-publish","hentry"],"_links":{"self":[{"href":"https:\/\/cffm-fcam.ca\/website_6281811e\/wp-json\/wp\/v2\/pages\/20","targetHints":{"allow":["GET"]}}],"collection":[{"href":"https:\/\/cffm-fcam.ca\/website_6281811e\/wp-json\/wp\/v2\/pages"}],"about":[{"href":"https:\/\/cffm-fcam.ca\/website_6281811e\/wp-json\/wp\/v2\/types\/page"}],"author":[{"embeddable":true,"href":"https:\/\/cffm-fcam.ca\/website_6281811e\/wp-json\/wp\/v2\/users\/1"}],"replies":[{"embeddable":true,"href":"https:\/\/cffm-fcam.ca\/website_6281811e\/wp-json\/wp\/v2\/comments?post=20"}],"version-history":[{"count":9,"href":"https:\/\/cffm-fcam.ca\/website_6281811e\/wp-json\/wp\/v2\/pages\/20\/revisions"}],"predecessor-version":[{"id":760,"href":"https:\/\/cffm-fcam.ca\/website_6281811e\/wp-json\/wp\/v2\/pages\/20\/revisions\/760"}],"wp:attachment":[{"href":"https:\/\/cffm-fcam.ca\/website_6281811e\/wp-json\/wp\/v2\/media?parent=20"}],"curies":[{"name":"wp","href":"https:\/\/api.w.org\/{rel}","templated":true}]}}